{"id":535,"date":"2024-07-04T15:54:05","date_gmt":"2024-07-04T08:54:05","guid":{"rendered":"https:\/\/demo.timevn.com\/fusion_dn\/?page_id=535"},"modified":"2025-10-20T13:47:47","modified_gmt":"2025-10-20T06:47:47","slug":"tien-ich","status":"publish","type":"page","link":"https:\/\/fusionresorts.com\/quynhon\/vi\/tien-ich\/","title":{"rendered":"Ti\u1ec7n \u00cdch"},"content":{"rendered":"","protected":false},"excerpt":{"rendered":"<p>Kh\u00e1m ph\u00e1 nh\u1eefng tr\u1ea3i nghi\u1ec7m phong ph\u00fa t\u1ea1i Maia Quy Nh\u01a1n, \u0111\u01b0\u1ee3c thi\u1ebft k\u1ebf cho c\u1ea3 gia \u0111\u00ecnh. T\u1eeb c\u00e1c l\u1edbp h\u1ecdc th\u1ee7 c\u00f4ng s\u00e1ng t\u1ea1o \u0111\u1ebfn c\u00e1c m\u00f4n th\u1ec3 thao bi\u1ec3n h\u1ee9ng kh\u1edfi, m\u1ed7i ho\u1ea1t \u0111\u1ed9ng mang \u0111\u1ebfn s\u1ef1 th\u01b0 gi\u00e3n v\u00e0 ti\u1ebfp th\u00eam n\u0103ng l\u01b0\u1ee3ng cho ng\u00e0y m\u1edbi <\/p>\n","protected":false},"author":1,"featured_media":1402,"parent":0,"menu_order":0,"comment_status":"closed","ping_status":"closed","template":"templates\/page-experiences.php","meta":{"_acf_changed":false,"footnotes":""},"class_list":["post-535","page","type-page","status-publish","has-post-thumbnail","hentry"],"acf":[],"lang":"vi","translations":{"vi":535,"en":229},"pll_sync_post":[],"_links":{"self":[{"href":"https:\/\/fusionresorts.com\/quynhon\/wp-json\/wp\/v2\/pages\/535","targetHints":{"allow":["GET"]}}],"collection":[{"href":"https:\/\/fusionresorts.com\/quynhon\/wp-json\/wp\/v2\/pages"}],"about":[{"href":"https:\/\/fusionresorts.com\/quynhon\/wp-json\/wp\/v2\/types\/page"}],"author":[{"embeddable":true,"href":"https:\/\/fusionresorts.com\/quynhon\/wp-json\/wp\/v2\/users\/1"}],"replies":[{"embeddable":true,"href":"https:\/\/fusionresorts.com\/quynhon\/wp-json\/wp\/v2\/comments?post=535"}],"version-history":[{"count":23,"href":"https:\/\/fusionresorts.com\/quynhon\/wp-json\/wp\/v2\/pages\/535\/revisions"}],"predecessor-version":[{"id":2212,"href":"https:\/\/fusionresorts.com\/quynhon\/wp-json\/wp\/v2\/pages\/535\/revisions\/2212"}],"wp:featuredmedia":[{"embeddable":true,"href":"https:\/\/fusionresorts.com\/quynhon\/wp-json\/wp\/v2\/media\/1402"}],"wp:attachment":[{"href":"https:\/\/fusionresorts.com\/quynhon\/wp-json\/wp\/v2\/media?parent=535"}],"curies":[{"name":"wp","href":"https:\/\/api.w.org\/{rel}","templated":true}]}}