{"id":527,"date":"2024-07-04T16:27:26","date_gmt":"2024-07-04T09:27:26","guid":{"rendered":"https:\/\/demo.timevn.com\/fusion_dn\/?page_id=527"},"modified":"2025-06-04T15:58:23","modified_gmt":"2025-06-04T08:58:23","slug":"phong-nghi","status":"publish","type":"page","link":"https:\/\/fusionresorts.com\/quynhon\/vi\/phong-nghi\/","title":{"rendered":"L\u01b0u tr\u00fa"},"content":{"rendered":"","protected":false},"excerpt":{"rendered":"<p>\u0110em \u0111\u1ebfn nh\u1eefng ti\u1ec7n nghi cao c\u1ea5p, phong c\u00e1ch c\u00f9ng s\u1ef1 tho\u1ea3i m\u00e1i, Maia Resort Quy Nh\u01a1n thi\u1ebft k\u1ebf c\u00e1c d\u00f2ng bi\u1ec7t th\u1ef1 ph\u00f9 h\u1ee3p v\u1edbi m\u1ecdi nhu c\u1ea7u ngh\u1ec9 d\u01b0\u1ee1ng c\u1ee7a du kh\u00e1ch. T\u1eebng c\u0103n bi\u1ec7t th\u1ef1 t\u1ea1i \u0111\u00e2y v\u1eeba mang l\u1ea1i c\u1ea3m gi\u00e1c \u1ea5m \u00e1p th\u00e2n thu\u1ed9c nh\u01b0 &#8220;nh\u00e0 m\u00ecnh&#8221;, v\u1eeba kh\u00f4ng k\u00e9m ph\u1ea7n tinh t\u1ebf, sang tr\u1ecdng v\u00e0 kh\u01a1i g\u1ee3i s\u1ef1 kh\u00e1m ph\u00e1 trong m\u1ed7i chuy\u1ebfn \u0111i ngh\u1ec9 d\u01b0\u1ee1ng.<\/p>\n","protected":false},"author":1,"featured_media":1629,"parent":0,"menu_order":0,"comment_status":"closed","ping_status":"closed","template":"templates\/page-accomodation.php","meta":{"_acf_changed":false,"footnotes":""},"class_list":["post-527","page","type-page","status-publish","has-post-thumbnail","hentry"],"acf":[],"lang":"vi","translations":{"vi":527,"en":319},"pll_sync_post":[],"_links":{"self":[{"href":"https:\/\/fusionresorts.com\/quynhon\/wp-json\/wp\/v2\/pages\/527","targetHints":{"allow":["GET"]}}],"collection":[{"href":"https:\/\/fusionresorts.com\/quynhon\/wp-json\/wp\/v2\/pages"}],"about":[{"href":"https:\/\/fusionresorts.com\/quynhon\/wp-json\/wp\/v2\/types\/page"}],"author":[{"embeddable":true,"href":"https:\/\/fusionresorts.com\/quynhon\/wp-json\/wp\/v2\/users\/1"}],"replies":[{"embeddable":true,"href":"https:\/\/fusionresorts.com\/quynhon\/wp-json\/wp\/v2\/comments?post=527"}],"version-history":[{"count":6,"href":"https:\/\/fusionresorts.com\/quynhon\/wp-json\/wp\/v2\/pages\/527\/revisions"}],"predecessor-version":[{"id":2018,"href":"https:\/\/fusionresorts.com\/quynhon\/wp-json\/wp\/v2\/pages\/527\/revisions\/2018"}],"wp:featuredmedia":[{"embeddable":true,"href":"https:\/\/fusionresorts.com\/quynhon\/wp-json\/wp\/v2\/media\/1629"}],"wp:attachment":[{"href":"https:\/\/fusionresorts.com\/quynhon\/wp-json\/wp\/v2\/media?parent=527"}],"curies":[{"name":"wp","href":"https:\/\/api.w.org\/{rel}","templated":true}]}}