{"id":535,"date":"2024-07-04T15:54:05","date_gmt":"2024-07-04T08:54:05","guid":{"rendered":"https:\/\/demo.timevn.com\/fusion_dn\/?page_id=535"},"modified":"2026-04-13T15:19:09","modified_gmt":"2026-04-13T08:19:09","slug":"tien-ich","status":"publish","type":"page","link":"https:\/\/fusionresorts.com\/camranh\/vi\/tien-ich\/","title":{"rendered":"Ti\u1ec7n \u00cdch"},"content":{"rendered":"","protected":false},"excerpt":{"rendered":"<p>Kh\u00e1m ph\u00e1 \u0111a d\u1ea1ng c\u00e1c tr\u1ea3i nghi\u1ec7m v\u00e0 ti\u1ec7n \u00edch \u0111\u1ed9c \u0111\u00e1o t\u1ea1i Fusion Resort Cam Ranh, n\u01a1i mang \u0111\u1ebfn cho du kh\u00e1ch m\u1ed9t k\u1ef3 ngh\u1ec9 d\u01b0\u1ee1ng \u0111\u1ea7y n\u0103ng l\u01b0\u1ee3ng v\u00e0 ni\u1ec1m vui.<\/p>\n","protected":false},"author":6,"featured_media":1783,"parent":0,"menu_order":0,"comment_status":"closed","ping_status":"closed","template":"templates\/page-experiences.php","meta":{"_acf_changed":false,"footnotes":""},"class_list":["post-535","page","type-page","status-publish","has-post-thumbnail","hentry"],"acf":[],"yoast_head":"<!-- This site is optimized with the Yoast SEO Premium plugin v23.2 (Yoast SEO v23.2) - https:\/\/yoast.com\/wordpress\/plugins\/seo\/ -->\n<title>Ti\u1ec7n \u00cdch - Fusion Resort Cam Ranh<\/title>\n<meta name=\"robots\" content=\"index, follow, max-snippet:-1, max-image-preview:large, max-video-preview:-1\" \/>\n<link rel=\"canonical\" href=\"https:\/\/fusionresorts.com\/camranh\/vi\/tien-ich\/\" \/>\n<meta property=\"og:locale\" content=\"en_US\" \/>\n<meta property=\"og:type\" content=\"article\" \/>\n<meta property=\"og:title\" content=\"Ti\u1ec7n \u00cdch\" \/>\n<meta property=\"og:description\" content=\"Kh\u00e1m ph\u00e1 \u0111a d\u1ea1ng c\u00e1c tr\u1ea3i nghi\u1ec7m v\u00e0 ti\u1ec7n \u00edch \u0111\u1ed9c \u0111\u00e1o t\u1ea1i Fusion Resort Cam Ranh, n\u01a1i mang \u0111\u1ebfn cho du kh\u00e1ch m\u1ed9t k\u1ef3 ngh\u1ec9 d\u01b0\u1ee1ng \u0111\u1ea7y n\u0103ng l\u01b0\u1ee3ng v\u00e0 ni\u1ec1m vui.\" \/>\n<meta property=\"og:url\" content=\"https:\/\/fusionresorts.com\/camranh\/vi\/tien-ich\/\" \/>\n<meta property=\"og:site_name\" content=\"Fusion Resort Cam Ranh\" \/>\n<meta property=\"article:modified_time\" content=\"2026-04-13T08:19:09+00:00\" \/>\n<meta property=\"og:image\" content=\"https:\/\/fusionresorts.com\/camranh\/wp-content\/uploads\/2024\/11\/RS_Feb-02-FCR-Beachfront-4br_9.webp\" \/>\n\t<meta property=\"og:image:width\" content=\"1772\" \/>\n\t<meta property=\"og:image:height\" content=\"1181\" \/>\n\t<meta property=\"og:image:type\" content=\"image\/webp\" \/>\n<meta name=\"twitter:card\" content=\"summary_large_image\" \/>\n<meta name=\"twitter:label1\" content=\"Est. reading time\" \/>\n\t<meta name=\"twitter:data1\" content=\"1 minute\" \/>\n<script type=\"application\/ld+json\" class=\"yoast-schema-graph\">{\"@context\":\"https:\/\/schema.org\",\"@graph\":[{\"@type\":\"WebPage\",\"@id\":\"https:\/\/fusionresorts.com\/camranh\/vi\/tien-ich\/\",\"url\":\"https:\/\/fusionresorts.com\/camranh\/vi\/tien-ich\/\",\"name\":\"Ti\u1ec7n \u00cdch - Fusion Resort Cam Ranh\",\"isPartOf\":{\"@id\":\"https:\/\/fusionresorts.com\/camranh\/#website\"},\"primaryImageOfPage\":{\"@id\":\"https:\/\/fusionresorts.com\/camranh\/vi\/tien-ich\/#primaryimage\"},\"image\":{\"@id\":\"https:\/\/fusionresorts.com\/camranh\/vi\/tien-ich\/#primaryimage\"},\"thumbnailUrl\":\"https:\/\/fusionresorts.com\/camranh\/wp-content\/uploads\/2024\/11\/RS_Feb-02-FCR-Beachfront-4br_9.webp\",\"datePublished\":\"2024-07-04T08:54:05+00:00\",\"dateModified\":\"2026-04-13T08:19:09+00:00\",\"breadcrumb\":{\"@id\":\"https:\/\/fusionresorts.com\/camranh\/vi\/tien-ich\/#breadcrumb\"},\"inLanguage\":\"en-US\",\"potentialAction\":[{\"@type\":\"ReadAction\",\"target\":[\"https:\/\/fusionresorts.com\/camranh\/vi\/tien-ich\/\"]}]},{\"@type\":\"ImageObject\",\"inLanguage\":\"en-US\",\"@id\":\"https:\/\/fusionresorts.com\/camranh\/vi\/tien-ich\/#primaryimage\",\"url\":\"https:\/\/fusionresorts.com\/camranh\/wp-content\/uploads\/2024\/11\/RS_Feb-02-FCR-Beachfront-4br_9.webp\",\"contentUrl\":\"https:\/\/fusionresorts.com\/camranh\/wp-content\/uploads\/2024\/11\/RS_Feb-02-FCR-Beachfront-4br_9.webp\",\"width\":1772,\"height\":1181},{\"@type\":\"BreadcrumbList\",\"@id\":\"https:\/\/fusionresorts.com\/camranh\/vi\/tien-ich\/#breadcrumb\",\"itemListElement\":[{\"@type\":\"ListItem\",\"position\":1,\"name\":\"Home\",\"item\":\"https:\/\/fusionresorts.com\/camranh\/\"},{\"@type\":\"ListItem\",\"position\":2,\"name\":\"Ti\u1ec7n \u00cdch\"}]},{\"@type\":\"WebSite\",\"@id\":\"https:\/\/fusionresorts.com\/camranh\/#website\",\"url\":\"https:\/\/fusionresorts.com\/camranh\/\",\"name\":\"Fusion Resort Cam Ranh\",\"description\":\"\",\"potentialAction\":[{\"@type\":\"SearchAction\",\"target\":{\"@type\":\"EntryPoint\",\"urlTemplate\":\"https:\/\/fusionresorts.com\/camranh\/?s={search_term_string}\"},\"query-input\":\"required name=search_term_string\"}],\"inLanguage\":\"en-US\"}]}<\/script>\n<!-- \/ Yoast SEO Premium plugin. -->","yoast_head_json":{"title":"Ti\u1ec7n \u00cdch - Fusion Resort Cam Ranh","robots":{"index":"index","follow":"follow","max-snippet":"max-snippet:-1","max-image-preview":"max-image-preview:large","max-video-preview":"max-video-preview:-1"},"canonical":"https:\/\/fusionresorts.com\/camranh\/vi\/tien-ich\/","og_locale":"en_US","og_type":"article","og_title":"Ti\u1ec7n \u00cdch","og_description":"Kh\u00e1m ph\u00e1 \u0111a d\u1ea1ng c\u00e1c tr\u1ea3i nghi\u1ec7m v\u00e0 ti\u1ec7n \u00edch \u0111\u1ed9c \u0111\u00e1o t\u1ea1i Fusion Resort Cam Ranh, n\u01a1i mang \u0111\u1ebfn cho du kh\u00e1ch m\u1ed9t k\u1ef3 ngh\u1ec9 d\u01b0\u1ee1ng \u0111\u1ea7y n\u0103ng l\u01b0\u1ee3ng v\u00e0 ni\u1ec1m vui.","og_url":"https:\/\/fusionresorts.com\/camranh\/vi\/tien-ich\/","og_site_name":"Fusion Resort Cam Ranh","article_modified_time":"2026-04-13T08:19:09+00:00","og_image":[{"width":1772,"height":1181,"url":"https:\/\/fusionresorts.com\/camranh\/wp-content\/uploads\/2024\/11\/RS_Feb-02-FCR-Beachfront-4br_9.webp","type":"image\/webp"}],"twitter_card":"summary_large_image","twitter_misc":{"Est. reading time":"1 minute"},"schema":{"@context":"https:\/\/schema.org","@graph":[{"@type":"WebPage","@id":"https:\/\/fusionresorts.com\/camranh\/vi\/tien-ich\/","url":"https:\/\/fusionresorts.com\/camranh\/vi\/tien-ich\/","name":"Ti\u1ec7n \u00cdch - Fusion Resort Cam Ranh","isPartOf":{"@id":"https:\/\/fusionresorts.com\/camranh\/#website"},"primaryImageOfPage":{"@id":"https:\/\/fusionresorts.com\/camranh\/vi\/tien-ich\/#primaryimage"},"image":{"@id":"https:\/\/fusionresorts.com\/camranh\/vi\/tien-ich\/#primaryimage"},"thumbnailUrl":"https:\/\/fusionresorts.com\/camranh\/wp-content\/uploads\/2024\/11\/RS_Feb-02-FCR-Beachfront-4br_9.webp","datePublished":"2024-07-04T08:54:05+00:00","dateModified":"2026-04-13T08:19:09+00:00","breadcrumb":{"@id":"https:\/\/fusionresorts.com\/camranh\/vi\/tien-ich\/#breadcrumb"},"inLanguage":"en-US","potentialAction":[{"@type":"ReadAction","target":["https:\/\/fusionresorts.com\/camranh\/vi\/tien-ich\/"]}]},{"@type":"ImageObject","inLanguage":"en-US","@id":"https:\/\/fusionresorts.com\/camranh\/vi\/tien-ich\/#primaryimage","url":"https:\/\/fusionresorts.com\/camranh\/wp-content\/uploads\/2024\/11\/RS_Feb-02-FCR-Beachfront-4br_9.webp","contentUrl":"https:\/\/fusionresorts.com\/camranh\/wp-content\/uploads\/2024\/11\/RS_Feb-02-FCR-Beachfront-4br_9.webp","width":1772,"height":1181},{"@type":"BreadcrumbList","@id":"https:\/\/fusionresorts.com\/camranh\/vi\/tien-ich\/#breadcrumb","itemListElement":[{"@type":"ListItem","position":1,"name":"Home","item":"https:\/\/fusionresorts.com\/camranh\/"},{"@type":"ListItem","position":2,"name":"Ti\u1ec7n \u00cdch"}]},{"@type":"WebSite","@id":"https:\/\/fusionresorts.com\/camranh\/#website","url":"https:\/\/fusionresorts.com\/camranh\/","name":"Fusion Resort Cam Ranh","description":"","potentialAction":[{"@type":"SearchAction","target":{"@type":"EntryPoint","urlTemplate":"https:\/\/fusionresorts.com\/camranh\/?s={search_term_string}"},"query-input":"required name=search_term_string"}],"inLanguage":"en-US"}]}},"lang":"vi","translations":{"vi":535,"en":229,"ko":1443},"pll_sync_post":[],"_links":{"self":[{"href":"https:\/\/fusionresorts.com\/camranh\/wp-json\/wp\/v2\/pages\/535","targetHints":{"allow":["GET"]}}],"collection":[{"href":"https:\/\/fusionresorts.com\/camranh\/wp-json\/wp\/v2\/pages"}],"about":[{"href":"https:\/\/fusionresorts.com\/camranh\/wp-json\/wp\/v2\/types\/page"}],"author":[{"embeddable":true,"href":"https:\/\/fusionresorts.com\/camranh\/wp-json\/wp\/v2\/users\/6"}],"replies":[{"embeddable":true,"href":"https:\/\/fusionresorts.com\/camranh\/wp-json\/wp\/v2\/comments?post=535"}],"version-history":[{"count":7,"href":"https:\/\/fusionresorts.com\/camranh\/wp-json\/wp\/v2\/pages\/535\/revisions"}],"predecessor-version":[{"id":2447,"href":"https:\/\/fusionresorts.com\/camranh\/wp-json\/wp\/v2\/pages\/535\/revisions\/2447"}],"wp:featuredmedia":[{"embeddable":true,"href":"https:\/\/fusionresorts.com\/camranh\/wp-json\/wp\/v2\/media\/1783"}],"wp:attachment":[{"href":"https:\/\/fusionresorts.com\/camranh\/wp-json\/wp\/v2\/media?parent=535"}],"curies":[{"name":"wp","href":"https:\/\/api.w.org\/{rel}","templated":true}]}}